en 10829 is divided by 2703?
17
Calculate the remainder when 6707879 is divided by 23.
21
What is the remainder when 3536 is divided by 48?
32
What is the remainder when 31959 is divided by 34?
33
Calculate the remainder when 1653 is divided by 522.
87
Calculate the remainder when 3065 is divided by 84.
41
Calculate the remainder when 5976 is divided by 2976.
24
What is the remainder when 111591 is divided by 139?
113
Calculate the remainder when 76756 is divided by 22.
20
What is the remainder when 1333734 is divided by 2526?
6
Calculate the remainder when 22904 is divided by 661.
430
What is the remainder when 1106694 is divided by 158099?
1
What is the remainder when 829 is divided by 623?
206
What is the remainder when 10310 is divided by 644?
6
Calculate the remainder when 1134558 is divided by 1120.
1118
What is the remainder when 8818 is divided by 1757?
33
What is the remainder when 1019 is divided by 509?
1
What is the remainder when 33482 is divided by 11152?
26
Calculate the remainder when 20760 is divided by 519.
0
Calculate the remainder when 1491 is divided by 939.
552
Calculate the remainder when 154647 is divided by 50.
47
What is the remainder when 780987 is divided by 39?
12
What is the remainder when 369517 is divided by 1162?
1
Calculate the remainder when 624544 is divided by 11.
8
What is the remainder when 89326 is divided by 2481?
10
What is the remainder when 596 is divided by 17?
1
What is the remainder when 160777 is divided by 114?
37
What is the remainder when 8832 is divided by 91?
5
Calculate the remainder when 106360 is divided by 92.
8
What is the remainder when 14335 is divided by 2024?
167
What is the remainder when 5854 is divided by 254?
12
What is the remainder when 23282 is divided by 22996?
286
What is the remainder when 2339 is divided by 80?
19
Calculate the remainder when 841530 is divided by 367.
366
What is the remainder when 11245 is divided by 653?
144
Calculate the remainder when 128730 is divided by 674.
670
What is the remainder when 9367 is divided by 492?
19
Calculate the remainder when 3552 is divided by 59.
12
What is the remainder when 5071 is divided by 317?
316
Calculate the remainder when 1009305 is divided by 25.
5
What is the remainder when 56991 is divided by 483?
480
Calculate the remainder when 3463 is divided by 596.
483
Calculate the remainder when 4324 is divided by 228.
220
Calculate the remainder when 128603 is divided by 42863.
14
What is the remainder when 319231 is divided by 1654?
9
Calculate the remainder when 4862 is divided by 2430.
2
Calculate the remainder when 121635 is divided by 627.
624
What is the remainder when 210036 is divided by 105009?
18
What is the remainder when 8763 is divided by 199?
7
What is the remainder when 2380704 is divided by 651?
648
Calculate the remainder when 2117 is divided by 277.
178
What is the remainder when 79717 is divided by 274?
257
Calculate the remainder when 23197 is divided by 967.
956
Calculate the remainder when 14726 is divided by 508.
502
Calculate the remainder when 10917 is divided by 281.
239
What is the remainder when 12362 is divided by 21?
14
What is the remainder when 1698 is divided by 198?
114
Calculate the remainder when 36759 is divided by 835.
19
Calculate the remainder when 117301 is divided by 178.
177
What is the remainder when 1254 is divided by 15?
9
What is the remainder when 2848436 is divided by 12?
8
What is the remainder when 76626 is divided by 122?
10
Calculate the remainder when 4093 is divided by 94.
51
What is the remainder when 15567 is divided by 20?
7
What is the remainder when 2294 is divided by 50?
44
Calculate the remainder when 2893 is divided by 594.
517
What is the remainder when 16335 is divided by 906?
27
What is the remainder when 6582 is divided by 103?
93
What is the remainder when 69182 is divided by 92?
90
Calculate the remainder when 2986 is divided by 438.
358
What is the remainder when 84765 is divided by 1927?
1904
Calculate the remainder when 54304 is divided by 54082.
222
Calculate the remainder when 2744 is divided by 50.
44
Calculate the remainder when 15355 is divided by 60.
55
Calculate the remainder when 39344 is divided by 29.
20
Calculate the remainder when 969695 is divided by 100.
95
What is the remainder when 29263 is divided by 118?
117
Calculate the remainder when 194610 is divided by 12.
6
What is the remainder when 103945 is divided by 103944?
1
What is the remainder when 39479 is divided by 24?
23
What is the remainder when 43 is divided by 13?
4
Calculate the remainder when 7452669 is divided by 12.
9
Calculate the remainder when 862610 is divided by 65.
60
Calculate the remainder when 118367 is divided by 274.
273
What is the remainder when 1942 is divided by 65?
57
Calculate the remainder when 187610 is divided by 1234.
42
What is the remainder when 106533 is divided by 8877?
9
Calculate the remainder when 6326 is divided by 505.
266
What is the remainder when 3409 is divided by 3407?
2
Calculate the remainder when 31872 is divided by 75.
72
What is the remainder when 6658 is divided by 192?
130
Calculate the remainder when 1413 is divided by 63.
27
Calculate the remainder when 69508 is divided by 14.
12
What is the remainder when 26345 is divided by 14?
11
Calculate the remainder when 380830 is divided by 18.
4
Calculate the remainder when 6743 is divided by 278.
71
What is the remainder when 648420 is divided by 67?
61
Calculate the remainder when 18760 is divided by 5859.
1183
What is the remainder when 11997 is divided by 200?
197
What is the remainder when 295348 is divided by 423?
94
What is the remainder when 26948 is divided by 2241?
56
Calculate the remainder when 783959 is divided by 13.
7
Calculate the remainder when 4106 is divided by 32.
10
Calculate the remainder when 306525 is divided by 62.
59
Calculate the remainder when 22888 is divided by 130.
8
What is the remainder when 215435 is divided by 214?
151
What is the remainder when 1624 is divided by 19?
9
What is the remainder when 66189 is divided by 23?
18
Calculate the remainder when 2599 is divided by 34.
15
Calculate the remainder when 450 is divided by 155.
140
Calculate the remainder when 67472 is divided by 6.
2
What is the remainder when 92504 is divided by 502?
136
What is the remainder when 20661 is divided by 1721?
9
Calculate the remainder when 6036 is divided by 1229.
1120
Calculate the remainder when 3999 is divided by 1278.
165
What is the remainder when 92768 is divided by 383?
82
What is the remainder when 40835 is divided by 13600?
35
What is the remainder when 370214 is divided by 11?
9
What is the remainder when 197849 is divided by 438?
311
Calculate the remainder when 8473 is divided by 445.
18
Calculate the remainder when 101654 is divided by 2169.
1880
Calculate the remainder when 9807 is divided by 21.
0
What is the remainder when 2370 is divided by 589?
14
What is the remainder when 1012073 is divided by 97?
72
What is the remainder when 345814 is divided by 27?
25
Calculate the remainder when 289824 is divided by 745.
19
What is the remainder when 263056 is divided by 102?
100
Calculate the remainder when 198823 is divided by 9037.
9
Calculate the remainder when 143022 is divided by 733.
87
What is the remainder when 16867 is divided by 49?
11
What is the remainder when 141413 is divided by 35352?
5
Calculate the remainder when 8084774 is divided by 14.
12
Calculate the remainder when 9341 is divided by 143.
46
Calculate the remainder when 3451 is divided by 181.
12
Calculate the remainder when 15140 is divided by 65.
60
What is the remainder when 19885 is divided by 768?
685
What is the remainder when 22527 is divided by 139?
9
What is the remainder when 2936 is divided by 327?
320
Calculate the remainder when 10807 is divided by 10.
7
What is the remainder when 8021 is divided by 1989?
65
Calculate the remainder when 87864 is divided by 29287.
3
Calculate the remainder when 40454 is divided by 29.
28
What is the remainder when 89895 is divided by 44939?
17
Calculate the remainder when 3556 is divided by 395.
1
What is the remainder when 30094 is divided by 53?
43
What is the remainder when 4529 is divided by 3889?
640
Calculate the remainder when 17222 is div